{"id":2,"date":"2024-08-28T13:22:35","date_gmt":"2024-08-28T11:22:35","guid":{"rendered":"https:\/\/lauftrainer-innsbruck.at\/?page_id=2"},"modified":"2025-12-07T11:42:59","modified_gmt":"2025-12-07T10:42:59","slug":"beispiel-seite","status":"publish","type":"page","link":"https:\/\/lauftrainer-innsbruck.at\/?page_id=2","title":{"rendered":"Impressum"},"content":{"rendered":"\n<p><strong>Lauftrainer Innsbruck<\/strong><br>Laura Pro\u00dfegger<br>Dorfplatz 4a<br>6161 Natters<br>\u00d6sterreich<\/p>\n\n\n\n<p><strong>Kontakt:<\/strong><br>Telefon: +43 6767273663<br>E-Mail: laura@lauftrainer-innsbruck.at<br>Website: [<a href=\"http:\/\/www.lauftrainer-innsbruck.at\">www.lauftrainer-innsbruck.at<\/a>]<\/p>\n\n\n\n<p><strong>Umsatzsteuer-<\/strong>Frei (Kleinunternehmerregelung)<\/p>\n\n\n\n<p><strong>Haftungsausschluss (Disclaimer):<\/strong><br>Die Inhalte unserer Seiten wurden mit gr\u00f6\u00dfter Sorgfalt erstellt. F\u00fcr die Richtigkeit, Vollst\u00e4ndigkeit und Aktualit\u00e4t der Inhalte k\u00f6nnen wir jedoch keine Gew\u00e4hr \u00fcbernehmen. Als Diensteanbieter sind wir gem\u00e4\u00df \u00a7 7 Abs.1 TMG f\u00fcr eigene Inhalte auf diesen Seiten nach den allgemeinen Gesetzen verantwortlich. Nach \u00a7\u00a7 8 bis 10 TMG sind wir als Diensteanbieter jedoch nicht verpflichtet, \u00fcbermittelte oder gespeicherte fremde Informationen zu \u00fcberwachen oder nach Umst\u00e4nden zu forschen, die auf eine rechtswidrige T\u00e4tigkeit hinweisen.<\/p>\n\n\n\n<p><strong>Urheberrecht:<\/strong><br>Die durch die Seitenbetreiber erstellten Inhalte und Werke auf diesen Seiten unterliegen dem \u00f6sterreichischen Urheberrecht. Beitr\u00e4ge Dritter sind als solche gekennzeichnet. Die Vervielf\u00e4ltigung, Bearbeitung, Verbreitung und jede Art der Verwertung au\u00dferhalb der Grenzen des Urheberrechtes bed\u00fcrfen der schriftlichen Zustimmung des jeweiligen Autors bzw. Erstellers. Downloads und Kopien dieser Seite sind nur f\u00fcr den privaten, nicht kommerziellen Gebrauch gestattet.<\/p>\n","protected":false},"excerpt":{"rendered":"<p>Lauftrainer InnsbruckLaura Pro\u00dfeggerDorfplatz 4a6161 Natters\u00d6sterreich Kontakt:Telefon: +43 6767273663E-Mail: laura@lauftrainer-innsbruck.atWebsite: [www.lauftrainer-innsbruck.at] Umsatzsteuer-Frei (Kleinunternehmerregelung) Haftungsausschluss (Disclaimer):Die Inhalte unserer Seiten wurden mit gr\u00f6\u00dfter Sorgfalt erstellt. F\u00fcr die Richtigkeit, &hellip;<\/p>\n","protected":false},"author":1,"featured_media":0,"parent":0,"menu_order":0,"comment_status":"closed","ping_status":"open","template":"","meta":{"_monsterinsights_skip_tracking":false,"_monsterinsights_sitenote_active":false,"_monsterinsights_sitenote_note":"","_monsterinsights_sitenote_category":0,"footnotes":""},"class_list":["post-2","page","type-page","status-publish","hentry"],"aioseo_notices":[],"_links":{"self":[{"href":"https:\/\/lauftrainer-innsbruck.at\/index.php?rest_route=\/wp\/v2\/pages\/2","targetHints":{"allow":["GET"]}}],"collection":[{"href":"https:\/\/lauftrainer-innsbruck.at\/index.php?rest_route=\/wp\/v2\/pages"}],"about":[{"href":"https:\/\/lauftrainer-innsbruck.at\/index.php?rest_route=\/wp\/v2\/types\/page"}],"author":[{"embeddable":true,"href":"https:\/\/lauftrainer-innsbruck.at\/index.php?rest_route=\/wp\/v2\/users\/1"}],"replies":[{"embeddable":true,"href":"https:\/\/lauftrainer-innsbruck.at\/index.php?rest_route=%2Fwp%2Fv2%2Fcomments&post=2"}],"version-history":[{"count":5,"href":"https:\/\/lauftrainer-innsbruck.at\/index.php?rest_route=\/wp\/v2\/pages\/2\/revisions"}],"predecessor-version":[{"id":212,"href":"https:\/\/lauftrainer-innsbruck.at\/index.php?rest_route=\/wp\/v2\/pages\/2\/revisions\/212"}],"wp:attachment":[{"href":"https:\/\/lauftrainer-innsbruck.at\/index.php?rest_route=%2Fwp%2Fv2%2Fmedia&parent=2"}],"curies":[{"name":"wp","href":"https:\/\/api.w.org\/{rel}","templated":true}]}}